6 a multiple of 2?
True
Is 9520 a multiple of 170?
True
Does 113 divide 2599?
True
Is 6270 a multiple of 30?
True
Is 38 a factor of 42180?
True
Does 14 divide 865?
False
Does 17 divide 6892?
False
Is 166 a factor of 13944?
True
Is 16 a factor of 3319?
False
Does 7 divide 152?
False
Is 8 a factor of 784?
True
Is 30 a factor of 1505?
False
Is 26 a factor of 910?
True
Is 84 a factor of 28560?
True
Is 5673 a multiple of 31?
True
Is 16 a factor of 944?
True
Is 15 a factor of 1060?
False
Does 35 divide 105?
True
Does 20 divide 70318?
False
Is 124 a factor of 73408?
True
Is 201 a multiple of 2?
False
Does 10 divide 1870?
True
Is 1176 a multiple of 12?
True
Does 140 divide 35700?
True
Is 60 a factor of 10920?
True
Is 858 a multiple of 24?
False
Is 1531 a multiple of 6?
False
Is 47 a multiple of 13?
False
Is 31 a factor of 3865?
False
Is 18 a factor of 594?
True
Is 41 a factor of 4305?
True
Does 106 divide 18020?
True
Is 910 a multiple of 11?
False
Does 25 divide 245?
False
Is 231 a factor of 73041?
False
Is 51 a factor of 11220?
True
Is 1736 a multiple of 8?
True
Is 10470 a multiple of 10?
True
Is 87868 a multiple of 44?
True
Does 19 divide 659?
False
Is 4920 a multiple of 60?
True
Does 15 divide 19615?
False
Does 21 divide 871?
False
Is 39 a factor of 1482?
True
Is 528 a multiple of 11?
True
Does 98 divide 1441?
False
Does 10 divide 820?
True
Is 30 a factor of 3849?
False
Does 96 divide 16704?
True
Is 15 a factor of 15332?
False
Does 4 divide 502?
False
Is 793 a multiple of 13?
True
Is 6 a factor of 523?
False
Is 18 a factor of 4771?
False
Is 28 a factor of 10052?
True
Is 6142 a multiple of 74?
True
Does 31 divide 775?
True
Does 25 divide 17385?
False
Is 37 a factor of 21552?
False
Is 19 a factor of 4114?
False
Is 4 a factor of 296?
True
Is 16 a factor of 2896?
True
Is 19588 a multiple of 192?
False
Is 11 a factor of 272?
False
Does 9 divide 15493?
False
Does 52 divide 17316?
True
Is 135 a multiple of 45?
True
Is 176 a factor of 11440?
True
Does 11 divide 7513?
True
Is 18181 a multiple of 48?
False
Does 12 divide 5820?
True
Is 116 a multiple of 3?
False
Is 50 a factor of 9450?
True
Is 11 a factor of 77?
True
Does 40 divide 36160?
True
Is 33 a factor of 18491?
False
Is 16 a factor of 3792?
True
Is 7582 a multiple of 17?
True
Is 25 a factor of 58?
False
Is 372 a multiple of 6?
True
Is 31 a factor of 8866?
True
Does 71 divide 6177?
True
Does 61 divide 24949?
True
Is 2686 a multiple of 34?
True
Is 785 a multiple of 95?
False
Does 28 divide 1120?
True
Is 12 a factor of 24?
True
Is 27 a factor of 81540?
True
Is 21978 a multiple of 54?
True
Is 75 a factor of 2704?
False
Is 2296 a multiple of 59?
False
Is 1862 a multiple of 14?
True
Does 22 divide 15356?
True
Is 1254 a multiple of 66?
True
Does 17 divide 476?
True
Is 59582 a multiple of 116?
False
Does 36 divide 3494?
False
Is 3168 a multiple of 137?
False
Is 4224 a multiple of 19?
False
Is 39530 a multiple of 295?
True
Is 11946 a multiple of 15?
False
Does 112 divide 896?
True
Is 20 a factor of 11394?
False
Is 107 a factor of 28887?
False
Does 50 divide 2149?
False
Is 4954 a multiple of 6?
False
Is 12 a factor of 420?
True
Is 34240 a multiple of 428?
True
Is 3146 a multiple of 143?
True
Does 61 divide 2063?
False
Is 630 a multiple of 10?
True
Is 11 a factor of 2949?
False
Does 108 divide 648?
True
Is 3990 a multiple of 133?
True
Is 460 a multiple of 10?
True
Does 6 divide 2185?
False
Is 27 a factor of 1100?
False
Is 35868 a multiple of 98?
True
Does 6 divide 3726?
True
Is 2376 a multiple of 56?
False
Is 10894 a multiple of 37?
False
Does 20 divide 40?
True
Is 4092 a multiple of 67?
False
Is 16 a factor of 9081?
False
Does 16 divide 656?
True
Is 31 a factor of 369?
False
Does 8 divide 24?
True
Does 16 divide 5221?
False
Is 7086 a multiple of 40?
False
Is 140 a multiple of 5?
True
Does 42 divide 1302?
True
Is 6 a factor of 3339?
False
Does 16 divide 1062?
False
Does 18 divide 1098?
True
Does 57 divide 3762?
True
Does 10 divide 160?
True
Is 14 a factor of 94403?
False
Does 64 divide 2596?
False
Is 1089 a multiple of 116?
False
Is 7 a factor of 3125?
False
Is 1404 a multiple of 9?
True
Is 16 a factor of 31657?
False
Does 23 divide 3427?
True
Is 163 a factor of 1030?
False
Is 248 a factor of 46658?
False
Does 5 divide 470?
True
Is 4324 a multiple of 6?
False
Is 200 a multiple of 10?
True
Is 852 a multiple of 22?
False
Does 36 divide 3708?
True
Does 10 divide 630?
True
Is 810 a multiple of 54?
True
Is 2486 a multiple of 72?
False
Is 31078 a multiple of 379?
True
Is 9775 a multiple of 85?
True
Is 101 a factor of 42345?
False
Is 5 a factor of 288?
False
Does 54 divide 4690?
False
Does 11 divide 740?
False
Does 35 divide 1307?
False
Is 240 a multiple of 16?
True
Is 4 a factor of 252?
True
Is 32085 a multiple of 93?
True
Is 8 a factor of 55?
False
Does 23 divide 6831?
True
Does 19 divide 981?
False
Is 24 a factor of 528?
True
Is 11 a factor of 8998?
True
Is 398 a multiple of 31?
False
Is 214 a factor of 18190?
True
Is 6084 a multiple of 2?
True
Is 2463 a multiple of 3?
True
Is 20 a factor of 39211?
False
Is 84 a factor of 964?
False
Is 6088 a multiple of 8?
True
Is 18 a factor of 18?
True
Is 193 a multiple of 31?
False
Is 259 a multiple of 37?
True
Is 87290 a multiple of 406?
True
Does 12 divide 26148?
True
Is 60 a factor of 1350?
False
Is 783 a multiple of 9?
True
Does 12 divide 6102?
False
Is 16062 a multiple of 35?
False
Is 35 a factor of 1715?
True
Does 432 divide 4518?
False
Does 12 divide 27324?
True
Is 10397 a multiple of 56?
False
Is 2205 a multiple of 49?
True
Does 36 divide 1152?
True
Does 91 divide 6188?
True
Does 98 divide 14929?
False
Does 62 divide 22259?
False
Is 6 a factor of 47?
False
Does 27 divide 1296?
True
Does 19 divide 702?
False
Is 2379 a multiple of 4?
False
Is 36 a factor of 3445?
False
Is 708 a multiple of 12?
True
Is 88279 a multiple of 123?
False
Is 49 a factor of 2373?
False
Does 154 divide 4466?
True
Is 44663 a multiple of 17?
False
Is 7 a factor of 175?
True
Is 5244 a multiple of 19?
True
Does 26 divide 6082?
False
Is 56 a factor of 504?
True
Is 3354 a multiple of 26?
True
Does 5 divide 1495?
True
Does 12 divide 86707?
False
Is 95046 a multiple of 78?
False
Is 433 a multiple of 30?
False
Is 69 a factor of 8004?
True
Is 97 a factor of 13138?
False
Is 87 a factor of 1805?
False
Is 67 a factor of 1017?
False
Does 2 divide 21?
False
Does 32 divide 29568?
True
Is 12 a factor of 1318?
False
Does 54 divide 1350?
True
Does 17 divide 8163?
False
Does 12 divide 5554?
False
Does 58 divide 116?
True
Is 6 a factor of 45296?
False
Is 7 a factor of 805?
True
Is 16 a factor of 3056?
True
Is 23213 a multiple of 139?
True
Is 12 a factor of 9068?
False
Is 5976 a multiple of 72?
True
Is 75872 a multiple of 32?
True
Does 83 divide 9545?
True
Does 58 divide 3346?
False
Is 117 a factor of 4161?
False
Is 1450 a multiple of 49?
False
Does 13 divide 286?
True
Is 59333 a multiple of 18?
False
Does 59 divide 1770?
True
Does 19 divide 554?
False
Does 44 divide 1220?
False
Does 7 divide 302?
False
Does 6 divide 2232?
True
Is 41 a factor of 143?
False
Does 32 divide 626?
False
Is 27896 a multiple of 46?
False
Is 188 a multiple of 6?
False
Does 115 divide 3105?
True
Is 5908 a multiple of 28?
True
Is 67398 a multiple of 20?
False
Is 570 a multiple of 38?
True
Is 54 a factor of 6714?
False
Does 20 divide 5552?
False
Does 34 divide 376?
False
Is 388 a multiple of 3?
False
Is 6633 a multiple of 43?
False
Is 33 a factor of 2673?
True
Is 6880 a multiple of 10?
True
Is 401 a multiple of 11?
False
Does 10 divide 54100?
True
Is 4682 even?
True
Does 14 divide 8413?
False
Does 61 divide 40759?
False
Is 7876 a multiple of 66?
False
Does 9 divide 65523?
False
Is 9479 a multiple of 96?
False
Is 552 a multiple of 23?
True
Is 4246 a multiple of 31?
False
Does 12 divide 41551?
False
Is 68 a factor of 3303?
False
Is 10 a factor of 70?
True
Is 2542 a multiple of 41?
True
Is 53 a factor of 8067?
False
Does 8 divide 1693?
False
Is 256 a multiple of 38?
False
Does 19 divide 1007?
True
Is 100653 a multiple of 55?
False
Does 6 divide 87?
False
Is 782 a multiple of 23?
True
Is 53 a factor of 1107?
False
Is 44748 a multiple of 36?
True
Is 3643 a multiple of 91?
False
Is 86 a factor of 13179?
False
Is 10 a factor of 74560?
True
Is 11 a fa